-14 - -6).
6
What is the value of 0 + 1 + (-11 + 2 - -15)?
7
8 + (1 - (5 - 4)) + -12
-4
What is -12 + (-2 - (-20 - -11))?
-5
Calculate 3 + 1 - (-48 - -52).
0
What is 11 + (-10 - -5) - (0 - -8)?
-2
What is the value of -10 - -3 - -11 - (-1 + 0)?
5
(-7 - -4) + 9 - 12
-6
Calculate 43 + -45 - (1 + 3).
-6
Calculate 13 + -18 + (1 + 0 - -4).
0
Calculate -3 + 17 + -15 + 7 + -1.
5
What is the value of -18 + 4 + 8 - 0?
-6
-27 - -28 - (1 + 5)
-5
Calculate 0 + 3 - (35 - 29).
-3
What is 2 + -23 + (4 - -6)?
-11
6 + -2 + -18 + (3 - -2)
-9
What is the value of 2 + -4 - (1 - -1) - -7?
3
What is 3 + (2 - (4 + 0 + 0))?
1
Evaluate (-2 - -2) + 1 + 0 + -1.
0
What is the value of 46 + -45 + (-5 - 2)?
-6
What is the value of -1 - ((-1 - 3) + -11 + 6)?
8
Calculate (1 - -5 - 0 - 18) + 5.
-7
What is the value of -12 - (-16 + (-3 - -1))?
6
What is the value of -3 - (-3 + 1 + -1)?
0
Evaluate (-5 - 3) + 1 + 10.
3
What is (27 - -2) + -15 + -15?
-1
-15 + 11 + 5 + (6 - -1)
8
-1 - -5 - (30 + -27)
1
What is -2 + 3 + (9 - 15)?
-5
Calculate (4 - (1 + 0 + -1)) + -3.
1
Evaluate 1 + -1 - (4 + -9 + 2).
3
0 + -2 + 4 - (-18 - -14)
6
Calculate 3 - 3 - (-3 - (-2 + 2)).
3
6 - (0 + 19 - 8)
-5
Calculate 0 - (-2 + 1 + 0 + 1).
0
What is the value of 11 + (-14 - (9 + -12))?
0
Calculate 0 + -6 - (-6 + -9 + 4).
5
-8 + 11 + -4 - 2
-3
Calculate -6 + 8 - -1 - (0 - -3).
0
Evaluate 10 + 10 + -12 + -6 + -1.
1
What is the value of 5 + -3 + 7 + -9?
0
Evaluate 4 + 2 + (-8 - -2) + 2.
2
Calculate 7 + -9 + -8 + 4.
-6
Calculate 0 + 0 + 1 + -69 + 64.
-4
Calculate -3 + (3 + 2 - 3 - 0).
-1
Calculate -2 + -6 + -1 + 5 - -1.
-3
What is (3 - 1) + -2 + (4 - 1)?
3
What is the value of 9 - -4 - 8 - 2?
3
(-7 - (1 + -2)) + 5 + 1
0
What is (-17 - (-5 - 6)) + 11?
5
What is -1 + -2 + (-10 - (16 + -32))?
3
What is 1 + -1 + -3 + 1?
-2
(2 - 9) + 1 - -12
6
What is 5 - (2 - (-1 - (2 - 5)))?
5
What is (3 - (-1 + -3 + 4)) + -7?
-4
What is the value of -2 + 2 + (-4 - -1)?
-3
Evaluate -2 - (3 - 12 - -6 - -6).
-5
What is (-10 + 6 - 10) + 8?
-6
Calculate -6 + 2 + 64 + -64.
-4
Calculate -8 - 0 - -10 - 3.
-1
What is the value of (-4 - 0) + -23 + 23 + 2?
-2
-23 + 31 + (-3 - 13)
-8
Calculate 5 + -24 + (-2 - -15).
-6
What is the value of 4 - (-10 + (-6 - -8) + 15)?
-3
3 - (-2 + -1 + 6)
0
Calculate 1 - (-6 - (4 + -9)).
2
What is the value of 3 + (1 - 3) + -2 + -4?
-5
What is the value of 0 + 1 + -3 - 2?
-4
Evaluate 8 + 1 + -3 + -2.
4
Calculate -7 + (6 - (-5 - -4)).
0
What is the value of 4 + -11 - (-7 - 0)?
0
What is the value of 0 - (-3 - -7 - 18 - -7)?
7
Evaluate -1 + 4 - (6 + 5 + -4).
-4
What is the value of (10 - -2) + (-5 - -1) + -6?
2
1 + (1 - -2) - (235 - 230)
-1
Evaluate (-1 - 4) + 14 - (8 + -5).
6
Calculate 6 - (3 - 1) - (-2 + 1).
5
What is the value of 1 - 4 - -1 - (-10 - -3)?
5
-3 + 11 - 4 - 4
0
Calculate (-5 - -1) + (12 - 11).
-3
What is the value of 3 + -4 + -2 + (1 - -2)?
0
Calculate 0 - 4 - (-9 + 13 + -3).
-5
4 + (-4 - -8) + -8
0
What is 0 + -15 + (33 - 12)?
6
Calculate 9 - (-1 + (18 - 6)).
-2
(0 - 0) + 2 + -3 + 2
1
Calculate -5 + -7 - (-13 + -9).
10
-5 + (-1 - (10 + -6 + -4))
-6
What is the value of -14 + (17 - 8) + 0?
-5
What is 20 + -16 + (0 - 8)?
-4
What is -1 + 3 + 2 - 7?
-3
Evaluate 1 + 5 + -7 - 6.
-7
What is 10 + -4 - (-4 - -8)?
2
Calculate 0 - (0 - -1) - (-5 + 0).
4
What is the value of -8 + -9 - (-6 - 4)?
-7
Evaluate (-6 - -4) + -5 + 6.
-1
Calculate (-25 - -22) + (0 - 0 - -1).
-2
Calculate (3 - (-1 + 2 + 0)) + -7.
-5
What is the value of (4 - (11 - 10)) + -8?
-5
Evaluate (1 + -4 - 0) + 5.
2
Calculate -5 - (-3 + 8) - -15.
5
Calculate 8 - (10 - (-2 - -11)).
7
Evaluate 4 + 3 + -3 + -6.
-2
Evaluate 6 + -5 + 7 + -3 + -1.
4
-2 + 5 + -2 + 0 + 2
3
Evaluate 12 - (15 - 5 - 2).
4
What is -2 + (-16 - -8) + 9?
-1
(3 - (9 + -4 + 3)) + 0
-5
-3 + 8 + -1 - (-4 + 4)
4
(8 - (1 + 2)) + -10 + 3
-2
What is (-38 - -12) + 12 - -19?
5
What is the value of -1 - (0 + (2 - 4)) - 4?
-3
Calculate -7 + -10 + 21 + -7.
-3
-4 + -3 + 8 + 4
5
What is the value of -2 + 10 + -4 + -9 + 11?
6
-2 - -2 - (2 + -1 + 1)
-2
Evaluate (-17 - -12) + (-1 - -6).
0
Calculate -2 + -7 + 5 + (-1 - 5).
-10
What is -1 - (9 + (-5 - -2))?
-7
(1 - 3 - -7) + -3
2
What is -26 + 22 + 3 + 0?
-1
8 - (15 - (2 - 2))
-7
-3 - (1 - 0 - 1)
-3
What is the value of 1 + 3 - (-1 - -8) - -5?
2
What is the value of -1 + 14 + -7 + -2?
4
Evaluate 3 - ((14 - 4) + -8).
1
What is -11 + 1 + 0 - (-66 + 61)?
-5
6 - (8 - 4) - 5 - -6
3
-1 + -8 + (95 - 86)
0
What is the value of -9 + -5 + 11 + (5 - 7)?
-5
Calculate -3 - (-1 - 4 - (-10 - -6)).
-2
2 + 2 - (-1 - -4)
1
Calculate (3 + 1 - -1 - 3) + 0.
2
What is the value of -4 + 9 - 1 - 4?
0
-3 + 3 + (-4 + 9 - 5)
0
Calculate -4 - ((-8 - -10) + -4).
-2
Evaluate 3 - (-2 - 0 - 0).
5
What is the value of -2 + 6 - (-7 - (7 + -18))?
0
(-1 - 5) + -6 + 18 + -5
1
Evaluate -1 + 4 + 3 - 0 - 1.
5
13 + -9 - -6 - 3
7
What is the value of 8 + 6 + (0 - 6) - 8?
0
Evaluate 9 - (9 - (-3 + 3)).
0
What is the value of (-2 - -3 - -4) + 0?
5
What is the value of -4 - -3 - (-2 + 1) - 0?
0
What is 11 + 0 + -10 + 6 - 4?
3
Calculate 4 + -1 + -1 - 6.
-4
Evaluate (5 + 0 - (2 + 0)) + -1.
2
Evaluate 3 - (-3 - -1 - -3) - 1.
1
What is the value of 6 - (6 + (4 - 5))?
1
What is (4 - (1 + -4)) + 4 - 3?
8
Calculate -5 - 1 - -5 - 2.
-3
What is the value of 1 + (-9 - -9) - 7?
-6
What is 1 - ((-5 - 0) + 28 + -20)?
-2
Evaluate -16 + 7 - (3 - 6).
-6
Evaluate 0 + (0 - -7 - (21 + -17)).
3
What is 2 + -3 + 6 - 1?
4
Evaluate 4 + 3 + -2 - (-1 - -1).
5
What is the value of 3 + -7 + (16 - 7) + -1?
4
Evaluate 10 + -19 + 9 - (3 + 0).
-3
(7 - (7 + (-3 - 0))) + -6
-3
-5 - (7 - (-3 - (1 - 11)))
-5
Evaluate (1 - 0) + (12 - (0 + 17)).
-4
What is (11 - (34 - 11)) + 7?
-5
Calculate 0 + -5 + (-5 - -9) - 3.
-4
What is -4 - (1 - -1) - (48 + -52)?
-2
Calculate 1 + 1 - (-6 - -9 - 5).
4
(-2 - 3) + (9 - 6)
-2
What is the value of 38 + -34 + 2 + (-4 - -2)?
4
What is the value of (2 - -2) + 0 + -6?
-2
What is (-21 + 10 - -10) + -1 + 2?
0
4 - 0 - (-4 - -7 - 0)
1
-2 - ((-1 - -4) + -1)
-4
What is 1 + 1 + (20 - (13 + 1))?
8
What is the value of -16 - -13 - (-1 - 3)?
1
Calculate 0 + (4 - 6 - 3).
-5
-4 - 1 - (-5 + 4) - -4
0
What is the value of 3 + (-25 - -22 - (-3 - -1))?
2
Evaluate (5 - 1 - 1 - 2) + 4.
5
-7 - (-2 + 0 + (0 - 2))
-3
What is the value of (3 + 3 - (-5 - -3)) + 1?
9
What is the value of 5 + 2 + (-2 - 6) - 2?
-3
Calculate (19 - 31) + (22 - 2).
8
What is the value of (1 - 8) + 11 + -3?
1
What is the value of -1 + -2 + 8 + -3 + 6?
8
What is the value of 9 - ((9 - (5 - 0)) + -2)?
7
What is (-4 + 2 - -10) + -4?
4
Evaluate 6 - ((3 - 6) + 3).
6
Calculate -2 - (-2 - 5) - 3.
2
(0 + -5 + 8 - 4) + -3
-4
What is 2 + -3 + (2 - 8)?
-7
What is (5 - 5) + (3 - -2)?
5
Calculate -10 + 7 + 2 - -6.
5
Calculate 0 - 3 - (79 - 84).
2
What is -3 - -3 - 5 - -1?
-4
What is the value of -8 - -4 - (-7 + 1)?
2
What is 1 - (-1 - (-10 + 3))?
-5
(8 - 13) + 3 + -2 + 1
-3
-5 + 3 + (-3 - -6)
1
Evaluate 1 - (5 + -2 + (-9 - -7)).
0
What is 5 - (-13 + 11 - -14)?
-7
What is (2 - 5) + -1 - (2 - 7)?
1
What is -1 - (0 - (-2 - (0 - 3)))?
0
What is the value of -11 + (11 - 5) + 3?
-2
What is the value of (6 - -4) + -1 + -5 + 3?
7
What is (-8 - (-6 + 2) - -2) + 1?
-1
14 + 0 + -9 - 0
5
-2 + 2 + (-14 + 8 - -10)
4
What is -7 + (2 - (-1 - 1)) + -1?
-4
Evaluate 30 - 30 - (2 - (-2 - -2)).
-2
(10 - (-7 + 5)) + -5 - 1
6
Evaluate (-1 - -2) + (-6 - -12 - 2).
5
What is 3 - (-1 + 2 - (-3 + 1))?
0
Evaluate -3 - (-4 + 2) - -4.
3
Calculate (1 + 0 - (18 - 15)) + 4.
2
Calculate 6 - ((2 - -4) + -3).
3
-7 + (-2 - (-6 - 0))
-3
Evaluate -22 - -17 - (1 - 3 - 8).
5
1 - -3 - (2 - 0)
2
Calculate 6 + -6 - 7 - -9.
2
Evaluate (0 - 8) + (1 + 3 - 1).
-5
What is 3 - (10 + 12 - 11)?
-8
What is the value of 9 + (1 - 5) + -12?
-7
0 - 5 - (8 + -9)
-4
What is -6 - (-2 + -3 + -5)?
4
What is the value of (-3 - (-7 - -8)) + 4?
0
Evaluate 1 - (4 - (4 - 0) - 3).
4
Evaluate 18 - 24 - (-7 + 0).
1
What is the value of -12 + -5 + 6 + 7?
-4
Calculate -9 + 1 - (26 - 12 - 14).
-8
What is 2 + 0 + (43 - 43)?
2
What is the value of 6 + -1 + 2 + -10?
-3
Evaluate -6 - -4 - -9 - 13.
-6
What is the value of 8 - -4 - (11 - -3)?
-2
Evaluate -5 - (-1 - (1 - -9)).
6
Evaluate 6 + (4 + -4 - 5).
1
Evaluate -2 + ((11 - 2) + -5 - 3).
-1
What is -4 + (5 - (4 - 5))?
2
Calculate 9 + -5 + 12 + -16.
0
Evaluate 12 - (-9 + 1